 base 2?
-11
Convert 11 (base 2) to base 11.
3
-10111 (base 2) to base 13
-1a
Convert -1010 (base 2) to base 6.
-14
-2 (base 8) to base 6
-2
-2c (base 15) to base 11
-39
3 (base 12) to base 3
10
Convert -6a (base 13) to base 9.
-107
-16 (base 12) to base 2
-10010
What is 5 (base 16) in base 9?
5
1001001 (base 2) to base 13
58
-2 (base 4) to base 15
-2
What is -3 (base 6) in base 5?
-3
What is -332 (base 4) in base 9?
-68
Convert 10 (base 9) to base 2.
1001
What is 2 (base 12) in base 6?
2
11 (base 9) to base 12
a
Convert 10 (base 11) to base 9.
12
What is 7 (base 16) in base 6?
11
What is 2 (base 3) in base 6?
2
Convert 12 (base 12) to base 6.
22
Convert 32 (base 14) to base 6.
112
Convert 20011 (base 3) to base 16.
a6
-100 (base 2) to base 14
-4
What is 0 (base 6) in base 12?
0
16 (base 12) to base 6
30
Convert 199 (base 11) to base 4.
3211
What is -36 (base 9) in base 2?
-100001
-1 (base 13) to base 10
-1
What is -2 (base 3) in base 13?
-2
What is 0 (base 2) in base 13?
0
What is 102 (base 12) in base 4?
2102
Convert -1101 (base 3) to base 13.
-2b
11 (base 7) to base 13
8
Convert -2 (base 12) to base 7.
-2
-6 (base 10) to base 15
-6
What is -11000 (base 2) in base 7?
-33
Convert -1001 (base 2) to base 7.
-12
3 (base 10) to base 14
3
-2 (base 3) to base 7
-2
Convert -e (base 15) to base 10.
-14
Convert -5 (base 16) to base 8.
-5
What is 0 (base 10) in base 9?
0
What is -1 (base 5) in base 11?
-1
What is 22 (base 4) in base 2?
1010
1 (base 4) to base 2
1
Convert -2 (base 7) to base 14.
-2
Convert 2 (base 16) to base 6.
2
Convert 7 (base 10) to base 4.
13
Convert 135 (base 7) to base 3.
2210
Convert 34 (base 14) to base 7.
64
-56 (base 7) to base 4
-221
Convert 4 (base 6) to base 2.
100
Convert 1000 (base 3) to base 13.
21
Convert -100 (base 2) to base 5.
-4
Convert -10 (base 10) to base 6.
-14
What is 0 (base 13) in base 11?
0
Convert 5 (base 15) to base 9.
5
What is -6 (base 7) in base 11?
-6
b4 (base 15) to base 16
a9
What is -22 (base 6) in base 12?
-12
What is 1012 (base 3) in base 15?
22
What is -2213 (base 5) in base 12?
-218
What is -1 (base 13) in base 8?
-1
Convert -3 (base 16) to base 6.
-3
What is 11100 (base 2) in base 12?
24
Convert -4 (base 8) to base 7.
-4
What is -124 (base 8) in base 3?
-10010
What is 1 (base 13) in base 3?
1
-4 (base 14) to base 10
-4
What is -2 (base 6) in base 13?
-2
-6 (base 16) to base 9
-6
16b (base 13) to base 10
258
50 (base 6) to base 13
24
Convert 10 (base 10) to base 2.
1010
What is 5 (base 8) in base 4?
11
What is 141 (base 5) in base 10?
46
What is 101 (base 4) in base 2?
10001
What is 1 (base 10) in base 5?
1
-2102 (base 3) to base 7
-122
Convert 21 (base 3) to base 11.
7
Convert -11 (base 2) to base 3.
-10
Convert 3 (base 5) to base 16.
3
What is -b2 (base 15) in base 10?
-167
Convert c (base 16) to base 3.
110
Convert -1 (base 14) to base 12.
-1
What is 11 (base 6) in base 9?
7
-3 (base 11) to base 13
-3
Convert -121 (base 12) to base 14.
-c1
What is -18 (base 9) in base 12?
-15
-23 (base 12) to base 2
-11011
Convert -1a (base 15) to base 12.
-21
Convert 11 (base 14) to base 16.
f
210 (base 5) to base 3
2001
What is 0 (base 9) in base 13?
0
Convert 131 (base 9) to base 10.
109
421 (base 5) to base 12
93
-37 (base 10) to base 6
-101
-16 (base 7) to base 10
-13
1 (base 2) to base 16
1
-212 (base 6) to base 16
-50
1 (base 2) to base 14
1
What is -20 (base 3) in base 2?
-110
What is 8 (base 13) in base 3?
22
What is -10 (base 2) in base 11?
-2
4 (base 7) to base 8
4
Convert dd (base 16) to base 3.
22012
Convert -3 (base 14) to base 15.
-3
Convert 16 (base 16) to base 8.
26
What is 7 (base 14) in base 12?
7
What is -1101 (base 2) in base 14?
-d
Convert -15 (base 10) to base 4.
-33
11 (base 10) to base 13
b
What is -44 (base 13) in base 8?
-70
Convert -110000 (base 2) to base 3.
-1210
12020 (base 3) to base 8
215
Convert -2 (base 14) to base 15.
-2
Convert -10100 (base 2) to base 10.
-20
-26 (base 15) to base 16
-24
b (base 15) to base 9
12
Convert 43 (base 5) to base 11.
21
Convert -28 (base 12) to base 15.
-22
Convert 1110 (base 2) to base 8.
16
Convert 2 (base 3) to base 15.
2
Convert 120 (base 13) to base 16.
c3
-45 (base 12) to base 6
-125
What is -16 (base 14) in base 2?
-10100
134 (base 5) to base 11
40
Convert -1010 (base 3) to base 14.
-22
What is 0 (base 6) in base 14?
0
-111 (base 4) to base 6
-33
What is 4d (base 16) in base 2?
1001101
Convert -12 (base 6) to base 3.
-22
What is 1 (base 7) in base 8?
1
-33 (base 13) to base 3
-1120
11 (base 6) to base 9
7
Convert -2 (base 3) to base 14.
-2
-27 (base 11) to base 8
-35
64 (base 7) to base 15
31
What is -2 (base 11) in base 10?
-2
16 (base 7) to base 15
d
Convert -88 (base 14) to base 7.
-231
What is -1 (base 10) in base 7?
-1
Convert -144 (base 6) to base 4.
-1000
What is 0 (base 16) in base 9?
0
7 (base 10) to base 4
13
Convert -1 (base 6) to base 12.
-1
21 (base 7) to base 2
1111
What is e (base 16) in base 8?
16
1001 (base 2) to base 13
9
9 (base 15) to base 12
9
Convert 1 (base 10) to base 16.
1
What is -2 (base 11) in base 5?
-2
1010 (base 4) to base 6
152
7 (base 15) to base 13
7
-4 (base 13) to base 4
-10
What is 1000 (base 2) in base 10?
8
What is -60 (base 13) in base 6?
-210
Convert -8 (base 11) to base 8.
-10
What is 65 (base 7) in base 6?
115
Convert 13 (base 6) to base 14.
9
-6 (base 9) to base 12
-6
What is -5 (base 15) in base 13?
-5
Convert 222 (base 3) to base 6.
42
Convert -1a (base 11) to base 13.
-18
3 (base 16) to base 12
3
1 (base 5) to base 2
1
What is -211 (base 6) in base 9?
-87
-45 (base 7) to base 2
-100001
What is 4 (base 13) in base 8?
4
17 (base 11) to base 5
33
-10 (base 2) to base 13
-2
Convert 24 (base 5) to base 14.
10
-111 (base 5) to base 2
-11111
What is 5 (base 13) in base 16?
5
What is -11 (base 7) in base 2?
-1000
1 (base 15) to base 9
1
What is 6 (base 13) in base 9?
6
3c (base 14) to base 9
60
What is -101000 (base 2) in base 12?
-34
What is -1102 (base 5) in base 3?
-12122
-3 (base 5) to base 9
-3
What is 212 (base 3) in base 5?
43
33 (base 6) to base 13
18
-10 (base 15) to base 9
-16
What is 11 (base 15) in base 11?
15
Convert -10 (base 6) to base 3.
-20
What is -b (base 15) in base 6?
-15
What is -22 (base 6) in base 3?
-112
Convert -3 (base 10) to base 4.
-3
3 (base 6) to base 15
3
3 (base 6) to base 5
3
What is 2 (base 7) in base 15?
2
3 (base 9) to base 5
3
What is 0 (base 12) in base 14?
0
-22 (base 6) to base 3
-112
-117 (base 14) to base 12
-161
-42 (base 8) to base 4
-202
-14 (base 11) to base 8
-17
Convert -42 (base 14) to base 9.
-64
-10 (base 2) to base 7
-2
Convert 27 (base 14) to base 8.
43
1 (base 14) to base 2
1
-2 (base 3) to base 2
-10
What is 101111 (base 2) in base 7?
65
What is -32 (base 5) in base 11?
-16
What is 29 (base 16) in base 5?
131
What is 3 (base 6) in base 14?
3
Convert 261 (base 11) to base 12.
219
Convert -1200 (base 3) to base 9.
-50
Convert 1332 (base 6) to base 2.
101011000
Convert 1014 (base 6) to base 12.
16a
What is -201 (base 8) in base 11?
-108
Convert -10 (base 3) to base 12.
-3
Convert 111 (base 2) to base 12.
7
Convert 3 (base 11) to base 7.
3
Convert 100111 (base 2) to base 15.
29
34 (base 8) to base 13
22
-102101 (base 3) to base 13
-1a8
-1 (base 9) to base 5
-1
What is -2 (base 10) in base 13?
-2
What is 210 (base 12) in base 6?
1220
-5d (base 15) to base 3
-10021
What is 1 (base 4) in base 5?
1
20 (base 10) to base 15
15
What is 2a (base 12) in base 8?
42
Convert 112 (base 3) to base 13.
11
-a (base 13) to base 6
-14
What is -48 (base 14) in base 6?
-144
-1112 (base 4) to base 11
-79
-3 (base 11) to base 6
-3
53 (base 14) to base 10
73
What is -104 (base 11) in base 4?
-1331
6a (base 11) to base 6
204
Convert 2 (base 8) to base 11.
2
-39 (base 11) to base 7
-60
Convert -4 (base 5) to base 2.
-100
12 (base 8) to base 7
13
Convert 10 (base 3) to base 15.
3
Convert -1 (base 7) to base 8.
-1
Convert 8 (base 10) to base 16.
8
Convert 2 (base 16) to base 3.
2
Convert b (base 15) to base 2.
1011
What is 7 (base 16) in base 10?
7
Convert 1 (base 3) to base 15.
1
What is -102 (base 11) in base 2?
-1111011
1 (base 4) to base 2
1
What is -1 (base 11) in base 2?
-1
What is 0 (base 11) in base 13?
0
-4 (base 11) to base 7
-4
-a1 (base 13) to base 11
-10a
Co